
{"id":382,"date":"2023-11-01T21:42:16","date_gmt":"2023-11-01T20:42:16","guid":{"rendered":"https:\/\/www.lacules.com\/olivenoel\/?post_type=product&#038;p=382"},"modified":"2025-11-18T10:29:33","modified_gmt":"2025-11-18T09:29:33","slug":"lacules-premium-bio-olivenoel-limited-05-l","status":"publish","type":"product","link":"https:\/\/www.lacules.com\/olivenoel\/produkt\/lacules-premium-bio-olivenoel-limited-05-l\/","title":{"rendered":"THE ESSENCE &#8211;  vom Oktober 2025. 0,5 L Bio Oliven\u00f6l"},"content":{"rendered":"<p>&nbsp;<\/p>\n<h4 style=\"text-align: center;\"><span style=\"color: #808000;\"><span style=\"caret-color: #808000;\">VIELEN DANK F\u00dcR DIE BESTELLUNGEN &#8211; BIS ZUR N\u00c4CHSTEN SAISON OKTOBER 2026.\u00a0<\/span><\/span><\/h4>\n<p>&nbsp;<\/p>\n<h5>Melden Sie sich f\u00fcr unseren Newsletter an, um den Bestellstart nicht zu verpassen!<\/h5>\n<h4><\/h4>\n<p>Im Oktober vorbestellen &#8211; im November erhalten: THE ESSENCE<\/p>\n<p>Erntefrisches Bio-Oliven\u00f6l Extra Nativ direkt von der M\u00fchle &#8211; UNFILTRIERT.<\/p>\n<p>Nur f\u00fcr kurze Zeit im November &#8211; solange der Vorrat reicht! (F\u00fcr Bestellstart bitte f\u00fcr den Newsletter anmelden um als erstes informiert zu werden)<\/p>\n<div class=\"page\" title=\"Page 1\">\n<div class=\"layoutArea\">\n<div class=\"column\">\n<p>Frisches Oliveno\u0308l direkt von der O\u0308lmu\u0308hle ist eine Rarita\u0308t die meist nur den Olivenbauern vorbehalten ist. Mit dieser limitierten Sonderabfu\u0308llung kommen nun auch Sie in den Genuss eines solch frischen Oliveno\u0308ls.<\/p>\n<p>\u201dLacules Oliveno\u0308l \u2013 frisch von der Mu\u0308hle\u201d kommt direkt am Tag der Ernte pur und naturtru\u0308b in die Flasche und gelangt so innerhalb weniger Tage von unseren griechischen Olivenba\u0308umen auf Ihren Tisch.<\/p>\n<p>Wegen seiner Frische hat es eine gewisse Scha\u0308rfe und eine leichte Bitternote am Gaumen \u2013 ein Anzeichen fu\u0308r einen hohen Gehalt an natu\u0308rlichen Antioxidantien. Dieses naturtru\u0308be O\u0308l entha\u0308lt noch kleinste Oliventeilchen mit all seinen wertvollen Inhaltstoffen.<br \/>\nEs eignet sich hervorragend zum Dippen mit Brot sowie fu\u0308r Salate und zum Verfeinern von Speisen. Genie\u00dfen Sie ta\u0308glich einen Lo\u0308ffel fu\u0308r Ihre Gesundheit und bringen Sie die griechische Sonne in Ihren Alltag.<\/p>\n<p>Vor Gebrauch schu\u0308tteln und ku\u0308hl &amp; lichtgeschu\u0308tzt lagern.<\/p>\n<\/div>\n<\/div>\n<\/div>\n<p>100% Koroneiki Oliven<\/p>\n","protected":false},"excerpt":{"rendered":"<p>Erntefrisches Bio-Oliven\u00f6l Extra Nativ direkt von der M\u00fchle. Nur erh\u00e4ltlich im November 2025.<\/p>\n<p>Unfiltriert, solange der Vorrat reicht.<\/p>\n","protected":false},"featured_media":961,"template":"","meta":[],"product_cat":[17],"product_tag":[],"class_list":{"0":"post-382","1":"product","2":"type-product","3":"status-publish","4":"has-post-thumbnail","6":"product_cat-olivenoel","8":"first","9":"outofstock","10":"taxable","11":"shipping-taxable","12":"purchasable","13":"product-type-simple"},"_links":{"self":[{"href":"https:\/\/www.lacules.com\/olivenoel\/wp-json\/wp\/v2\/product\/382","targetHints":{"allow":["GET"]}}],"collection":[{"href":"https:\/\/www.lacules.com\/olivenoel\/wp-json\/wp\/v2\/product"}],"about":[{"href":"https:\/\/www.lacules.com\/olivenoel\/wp-json\/wp\/v2\/types\/product"}],"wp:featuredmedia":[{"embeddable":true,"href":"https:\/\/www.lacules.com\/olivenoel\/wp-json\/wp\/v2\/media\/961"}],"wp:attachment":[{"href":"https:\/\/www.lacules.com\/olivenoel\/wp-json\/wp\/v2\/media?parent=382"}],"wp:term":[{"taxonomy":"product_cat","embeddable":true,"href":"https:\/\/www.lacules.com\/olivenoel\/wp-json\/wp\/v2\/product_cat?post=382"},{"taxonomy":"product_tag","embeddable":true,"href":"https:\/\/www.lacules.com\/olivenoel\/wp-json\/wp\/v2\/product_tag?post=382"}],"curies":[{"name":"wp","href":"https:\/\/api.w.org\/{rel}","templated":true}]}}