
{"id":1041,"date":"2025-12-04T21:30:17","date_gmt":"2025-12-04T20:30:17","guid":{"rendered":"https:\/\/www.lacules.com\/olivenoel\/?post_type=product&#038;p=1041"},"modified":"2025-12-04T21:33:38","modified_gmt":"2025-12-04T20:33:38","slug":"geschenkbox-lacules-premium-bio-olivenoel-pure-075-l","status":"publish","type":"product","link":"https:\/\/www.lacules.com\/olivenoel\/produkt\/geschenkbox-lacules-premium-bio-olivenoel-pure-075-l\/","title":{"rendered":"Geschenkbox Lacules Premium Bio Oliven\u00f6l PURE 0,75 L"},"content":{"rendered":"<h4>Lacules Premium Bio Oliven\u00f6l PURE in der Geschenkbox<\/h4>\n<p>Mit dem Oliven\u00f6l der aktuellen Ernte vom November 2025.<\/p>\n<p>Unser Oliven\u00f6l wird aus der Koroneiki Olive gewonnen, welche f\u00fcr die Mittelmeergegend in und um Koroni besonders typisch ist. Die Oliven werden ausschlie\u00dflich von Hand geerntet, wenn sie noch gr\u00fcn sind und weisen somit einen besonders hohen Anteil an gesundheitsf\u00f6rdernden Antioxidantien auf. Die Oliven werden unmittelbar nach der Ernte schonend gepresst, um diese wertvollen Inhaltsstoffe zu bewahren.<\/p>\n<p>Der Duft nach frischem Gras und die Sch\u00e4rfe und leicht bittere Note am Gaumen sind Zeichen von besonderer Frische und wichtige Qualit\u00e4tsmerkmale unseres hochwertigen Oliven\u00f6ls. Es passt hervorragend zu feinen Salaten, als w\u00fcrzige Kr\u00f6nung f\u00fcr Suppen, Pasta und Fleisch und ist auch zum Braten bestens geeignet, da man das \u00d6l aufgrund der vielen Antioxidantien sehr hoch erhitzen kann.<\/p>\n","protected":false},"excerpt":{"rendered":"<p>Edle Geschenkbox mit unserem Lacules Premium Bio Oliven\u00f6l 0,75 L. Eine sinnvolle, gesunde und genussvolle Geschenkidee f\u00fcr Mitarbeiter, Kunden oder Ihre Liebsten.<\/p>\n<p>Wenn Sie gr\u00f6\u00dfere Mengen wie z.B. f\u00fcr Firmengeschenke ben\u00f6tigen <a href=\"https:\/\/www.lacules.com\/olivenoel\/kontakt\/\">schreiben Sie uns oder rufen Sie uns an<\/a> \u2013 wir freuen uns auf ein pers\u00f6nliches Gespr\u00e4ch.<\/p>\n","protected":false},"featured_media":146,"template":"","meta":[],"product_cat":[17],"product_tag":[],"class_list":{"0":"post-1041","1":"product","2":"type-product","3":"status-publish","4":"has-post-thumbnail","6":"product_cat-olivenoel","8":"first","9":"instock","10":"taxable","11":"shipping-taxable","12":"purchasable","13":"product-type-simple"},"_links":{"self":[{"href":"https:\/\/www.lacules.com\/olivenoel\/wp-json\/wp\/v2\/product\/1041","targetHints":{"allow":["GET"]}}],"collection":[{"href":"https:\/\/www.lacules.com\/olivenoel\/wp-json\/wp\/v2\/product"}],"about":[{"href":"https:\/\/www.lacules.com\/olivenoel\/wp-json\/wp\/v2\/types\/product"}],"wp:featuredmedia":[{"embeddable":true,"href":"https:\/\/www.lacules.com\/olivenoel\/wp-json\/wp\/v2\/media\/146"}],"wp:attachment":[{"href":"https:\/\/www.lacules.com\/olivenoel\/wp-json\/wp\/v2\/media?parent=1041"}],"wp:term":[{"taxonomy":"product_cat","embeddable":true,"href":"https:\/\/www.lacules.com\/olivenoel\/wp-json\/wp\/v2\/product_cat?post=1041"},{"taxonomy":"product_tag","embeddable":true,"href":"https:\/\/www.lacules.com\/olivenoel\/wp-json\/wp\/v2\/product_tag?post=1041"}],"curies":[{"name":"wp","href":"https:\/\/api.w.org\/{rel}","templated":true}]}}